- 4. Let s(x) be the third derivative of c(x). Give s(4).
-5
Let o(f) = 5*f + 3. Let w(c) = -2*c**2 + 2*c - 2. Let l be w(0). What is o(l)?
-7
Let o(b) = -b**3 + 2*b - 1. Let g(n) = n**3 - n**2 - 4*n + 1. Let w(d) = d**3 - 2*d**2 - 5*d + 1. Let f(t) = 3*g(t) - 2*w(t). Let c be f(-2). Calculate o(c).
0
Let i(z) = 3*z - 1. Let g(s) = -2*s. Let f(w) = -6*g(w) - 5*i(w). Determine f(5).
-10
Let b(f) be the second derivative of f**4/12 + f**3/6 + 7*f**2/2 - 23*f. Calculate b(0).
7
Let z(k) be the third derivative of -1/6*k**3 + 1/24*k**4 - 4*k**2 + 0*k + 0 - 1/20*k**5. Calculate z(1).
-3
Let f(i) = 2*i**2 - i. Let c be f(1). Let b(n) = 3*n**2 + 2*n - 1. Let y be b(c). Let r(l) = -l**2 + 4*l + 5. What is r(y)?
5
Suppose -b = -6*b - 20. Let m(i) = -i - 5. Let n be m(-4). Let o = b + n. Let k(t) = t**2 + 5*t - 2. What is k(o)?
-2
Let w(z) = 8*z**2 - 23*z - 6. Let r(p) = 3*p**2 - 8*p - 2. Let y(h) = 11*r(h) - 4*w(h). Let q = 1 + -4. What is y(q)?
-1
Let f(z) = 2*z - 2. Let l(m) be the second derivative of -m**3/6 + m**2/2 - 3*m. Let j(d) = -2*f(d) - 3*l(d). Give j(3).
-2
Let t(z) be the first derivative of -z**5/60 - z**4/6 + z**3/6 + 2*z**2 + 4. Let f(a) be the second derivative of t(a). Suppose 3*w = 4*w + 4. Determine f(w).
1
Let u = 1 + 3. Let z(q) = -3 - q - u + 0*q + 1. Determine z(-5).
-1
Let c(x) be the third derivative of -x**5/20 - x**4/24 + x**3/3 + x**2. Let p = 3 - 13. Let l = 8 + p. Calculate c(l).
-8
Let z(t) = t - 1. Let k(b) = -5*b + 1. Suppose 0 = -3*o + 2 + 1. Let m(a) = o*k(a) + 2*z(a). Determine m(1).
-4
Let r(s) = s**3 - s**2 + 3*s + 2. Let q(g) = -g**3 + 2*g**2 - 4*g - 2. Let b(c) = 4*q(c) + 5*r(c). What is b(-3)?
5
Let z(n) = n**2 + 7*n - 4. Suppose -5*g - 2*r = 20 + 7, -5*r + 27 = -g. What is z(g)?
-4
Let l(n) = 5*n - 4*n**2 + 3*n**2 + 13*n + 7 - 8*n. Determine l(10).
7
Suppose 0 = 2*o - 20 + 4. Let g(t) = t**2 - 6*t - 11. Give g(o).
5
Let k(v) = -v**3 + v**2 - v - 1. Let j be 68/(-51)*(-3)/2. What is k(j)?
-7
Suppose 0*j + 2 = j. Let i(g) = 6 - 4 + 4 - g**j. Suppose 0*z = 2*z. What is i(z)?
6
Suppose -3*c - 2 = -8. Suppose -c*x - 3 = -z, 5*x + 1 = 3*z - 7. Let y(f) = -2 + z + 4 + f. What is y(-4)?
-1
Let z(a) be the first derivative of -a**4/4 + 4*a**3/3 + 5*a**2/2 + 61. Suppose -3*n + 0*n = -15. Give z(n).
0
Suppose 16 = 4*m - 0*m. Suppose m*r + 4 + 0 = 0. Let t(h) = -4*h**3 - 2*h - 1. Calculate t(r).
5
Let j = 8 - 3. Let v be (-3 + 2)/((-1)/2). Suppose -3*m - 10 = v*m + 5*p, j*m - 4*p - 17 = 0. Let c(x) = -9*x + 1. Calculate c(m).
-8
Let w(b) = 2*b - 7. Let m(u) = u - 1. Let a(h) = -m(h) + w(h). What is a(12)?
6
Let a(j) be the third derivative of j**5/60 - 3*j**4/8 + 7*j**3/6 - 5*j**2. Let x be a(8). Let i(h) = -8*h. Give i(x).
8
Let z(q) = -q**2 - 9*q - 2. Let k be z(-9). Let v be 4/(-14) - k/7. Suppose -2*j + 6 = -2*b, v = -2*b - 2*b + j - 3. Let t(f) = -f - 5. Give t(b).
-5
Let n(k) = -6*k + 1. Let w = 151 - 149. Determine n(w).
-11
Suppose -2*p - t = t - 26, t = -5*p + 49. Let b(h) = h**2 - 8*h - 9. Let y be b(p). Let k(i) = -i**2 - 7. What is k(y)?
-7
Suppose 2*v - 6*r + 2*r - 6 = 0, 4*v - r = -2. Let n(y) be the first derivative of 11*y**2/2 + y - 1. Determine n(v).
-10
Let b(k) = k**2 - 5*k - 4. Suppose -4 = 2*s + 2. Let g(z) = z**3 + 5*z**2 + 4*z - 1. Let j be g(s). What is b(j)?
-4
Let j be 0 + 4/(-1 + 3). Let w(s) = 23 - j*s - 23. Calculate w(5).
-10
Let j(d) = -d**2 - 3*d + 4. Suppose 5*m - 21 = -3*n, m + 7 = 5*n - 0*m. Suppose -3*r - n*r + 10 = 0. Suppose -2*y - 19 = 5*f, -r*f + 37 = -7*f + 4*y. Give j(f).
-6
Let j(z) = z**2 + 3*z + 3. Suppose d + 20 = -4*d. Let i be d*(-1)/3*-3. What is j(i)?
7
Let t(r) = -3*r + 24. Let y be t(7). Let x(j) = -j**3 + 4*j**2 - 5*j + 2. Calculate x(y).
-4
Let u(t) be the third derivative of t**6/360 + t**5/20 + t**4/24 - t**3/6 + 2*t**2. Let b(m) be the first derivative of u(m). Calculate b(-5).
-4
Let g be 1/((20/15)/4). Let z(d) = 2*d + 2. Calculate z(g).
8
Let l(j) = -5*j - 5 - 2*j - 1 + j**3 + 5*j**2 + 0. What is l(-6)?
0
Let f be 48/(-10) + 2/(-10). Let w(z) = z + 1 - 1 - 3. What is w(f)?
-8
Let h(w) = w**3 - 7. Suppose -v = d + 4*v, 0 = 5*d + 5*v. Determine h(d).
-7
Let b(d) = -d**3 + d**2 - 2*d - 6. Let i be b(0). Let g(w) = w**3 + 5*w**2 - 6*w + 6. Calculate g(i).
6
Let t(d) = -d**3 + 2*d**2 - 3*d + 3. Let k(p) be the second derivative of p**3/6 - 7*p. Let r(i) = i. Let u be r(2). Let x be k(u). Give t(x).
-3
Suppose 2*t + 20 = -4*l, -l - 3*t + 4*t = 2. Let w(j) be the first derivative of -j**4/4 - j**3 + j**2 - 4*j - 1. Determine w(l).
4
Let m(b) = -b**3 + 4*b**2 - 5*b + 4. Suppose 0 = -3*w - 5*d - 6, -9 - 3 = w + 5*d. What is m(w)?
-2
Let k(m) = 2*m + 5. Let o(h) = -2*h - 6. Let p(a) = -6*k(a) - 5*o(a). Suppose 2*j + 10 - 24 = 0. Suppose j*w + 4 = 3*w. Determine p(w).
2
Let z(u) = -4*u - 7. Let c(m) = -13*m - 20. Suppose 0 = h + 2*h + 18. Let q(y) = h*c(y) + 17*z(y). Determine q(-1).
-9
Let d(i) be the first derivative of i**3/3 - i**2/2 - i + 1. Let c(p) = p**2 - p - 2. Let s(a) = 3*c(a) - 4*d(a). Give s(0).
-2
Let c(j) = j**2 + 4*j - 1. Let h(d) = -d**3 - 6*d**2 - 2*d - 8. Let v be h(-6). Let y be 2*4/v*-1. What is c(y)?
-5
Suppose 25 = 3*u + 2*u. Let w be (-28)/(-10) + 1/u. Suppose -p + 8 = -w*p. Let b(f) = f + 3. Calculate b(p).
-1
Let h(y) be the second derivative of y**4/12 + 5*y**3/6 + 3*y**2 + y. Let k = 21 + -2. Suppose -2*u = 3*j + 2*u + k, 22 = -5*j + 3*u. Calculate h(j).
6
Let b(m) = -287*m + 2*m**3 - 2 - m**3 - 6*m**2 + 280*m. Calculate b(7).
-2
Let y(n) = n**2 + 4*n - 4. Suppose 0 = 2*u + 7 + 3. Let z be y(u). Let r(k) = 6*k + 0*k**2 - 2 - 2*k**2 - z. Calculate r(4).
-11
Let q(n) = -n + 7. Let y(t) = -1. Let x(u) = q(u) + y(u). What is x(7)?
-1
Suppose 0 = -y + 6*y + v - 7, y - 4*v = 14. Let r(m) = 5 - 4 - m**2 + y - 2. Calculate r(0).
1
Let q = 12 - 7. Let v(d) = -2*d + d**3 - 2*d - d + 4 + 0 - 4*d**2. What is v(q)?
4
Let v(s) be the first derivative of -s**2/2 + 11*s + 1. Calculate v(0).
11
Let w be (-212)/(-20) + (-6)/10. Let y = -16 + w. Let h(o) = -o**2 - 6*o + 2. Calculate h(y).
2
Let f(y) = -y**3 + 4*y**2 + 2*y + 1. Let z(o) = -o**2 - 15*o + 21. Let p be z(-16). Determine f(p).
-14
Let g(i) be the second derivative of -i**5/120 + 5*i**4/24 - i**3/2 - i. Let f(d) be the second derivative of g(d). Calculate f(6).
-1
Let t(p) = -p**2 - 1. Let w(d) = 7*d**2 - 3. Let u(m) = 2*t(m) - w(m). Give u(1).
-8
Let p(i) be the second derivative of -i**6/180 + i**5/40 + i**4/24 + 2*i**3/3 - 7*i. Let z(a) be the second derivative of p(a). Determine z(3).
-8
Let f(v) be the third derivative of -v**5/60 + v**4/8 + 5*v**3/6 - v**2. What is f(4)?
1
Suppose 2*m = 1 - 9. Let d(o) = o**3 + 5*o**2 + 4*o + 5. Give d(m).
5
Let x = 3 + -3. Suppose -i - 5*u + 2 + x = 0, -i = -5*u - 2. Suppose i*f = -6 - 4. Let m(t) = -t - 11. Give m(f).
-6
Let w = -5 + 5. Suppose 5*x - 3 - 12 = w. Let u(m) = 3*m + x*m + 0*m + m**2 + 5. Determine u(-5).
0
Let w = 172 + -177. Let g(i) be the third derivative of -1/60*i**5 - 1/12*i**4 + 1/2*i**3 + 2*i**2 + 0 + 0*i. Give g(w).
-12
Let g(v) = -1. Let y(b) = -b + 5. Let h be 4/(1*6/9). Let s(p) = h*g(p) + y(p). What is s(3)?
-4
Let q(w) be the first derivative of w**3/3 + w**2/2 + 32. Let g(c) = c**3 - 2. Let s be g(0). Give q(s).
2
Let g be 0/(-5) + 2/1. Let b(w) = 2 + 0 - 5*w + g*w. Determine b(3).
-7
Suppose -4*z = t - 13, 4*t + z = 16 + 6. Let k(v) = -v**3 + 6*v**2 - 3*v - 6. Calculate k(t).
4
Let m(h) be the second derivative of -h**4/12 + h. Determine m(0).
0
Let n(y) = -3*y. Let t = 19 - 22. Let x be -1*(2 + t + 3). Calculate n(x).
6
Suppose -2*u = 3*d + 46, 3*d - 2*d + 32 = -4*u. Let b = d - -15. Let i(o) = -o - 2. Let h(q) = q + 2. Let t(m) = -3*h(m) - 2*i(m). What is t(b)?
-5
Let t(j) = 4*j**3 + j**3 + 3*j**3 + j**2 - 1 - 5*j**3. Let l(u) = u - 8. Let g be l(7). Determine t(g).
-3
Let a(m) = m**3 + 2*m**2 + 5*m - 2. Let d(x) = x**2 - x + 1. Let b(z) = a(z) + 4*d(z). Determine b(-6).
-4
Let i(z) = 1. Let s(b) = 2*b + 1. Let d = -1 + -3. Let t(l) = d*i(l) - s(l). Let y = -7 - -2. Give t(y).
5
Let t(s) = s**2 + 1 + 8*s**2 - 3*s**2 - 5*s**2. Let b = -1 - -1. What is t(b)?
1
Suppose 20 = 5*b - 0*g - 5*g, 0 = 2*b - g - 7. Let t(f) = b*f**2 - 3 - 7*f**2 + 3*f**2 + f. What is t(0)?
-3
Let n(x) be the third derivative of x**7/840 + x**6/72 - x**